9?
153
Calculate the remainder when 1990387 is divided by 72.
19
What is the remainder when 500391 is divided by 600?
591
What is the remainder when 141137 is divided by 191?
179
Calculate the remainder when 3532489 is divided by 274.
81
What is the remainder when 30797563 is divided by 331?
330
Calculate the remainder when 295264 is divided by 227.
164
What is the remainder when 324117 is divided by 162037?
43
What is the remainder when 110355 is divided by 264?
3
What is the remainder when 407435 is divided by 81471?
80
What is the remainder when 185263 is divided by 3940?
83
Calculate the remainder when 1063066 is divided by 110.
26
Calculate the remainder when 5195201 is divided by 225877.
30
Calculate the remainder when 38750 is divided by 382.
168
Calculate the remainder when 954919 is divided by 458.
447
What is the remainder when 7404252 is divided by 29?
1
What is the remainder when 4431176 is divided by 88623?
26
Calculate the remainder when 429623 is divided by 71547.
341
What is the remainder when 848039 is divided by 2671?
1332
Calculate the remainder when 1744554 is divided by 241.
196
Calculate the remainder when 1966456 is divided by 1943.
140
What is the remainder when 2465868 is divided by 1628?
1076
What is the remainder when 10173927 is divided by 2?
1
Calculate the remainder when 91376520 is divided by 5.
0
What is the remainder when 539098480 is divided by 76?
4
What is the remainder when 104264384 is divided by 1861?
1859
Calculate the remainder when 3612110 is divided by 3278.
3032
Calculate the remainder when 2259384 is divided by 31380.
24
What is the remainder when 145108 is divided by 157?
40
Calculate the remainder when 131917 is divided by 64809.
2299
What is the remainder when 84080 is divided by 8174?
2340
What is the remainder when 1402264 is divided by 13?
6
Calculate the remainder when 2300153965 is divided by 28.
25
What is the remainder when 3106491 is divided by 95?
86
What is the remainder when 127524 is divided by 2966?
2952
Calculate the remainder when 252775 is divided by 252565.
210
What is the remainder when 7114984 is divided by 254088?
520
Calculate the remainder when 470541 is divided by 116.
45
Calculate the remainder when 3370758 is divided by 836.
6
What is the remainder when 304036324 is divided by 517?
515
What is the remainder when 256922441 is divided by 113?
104
Calculate the remainder when 142229 is divided by 35555.
9
Calculate the remainder when 9562375 is divided by 9562360.
15
What is the remainder when 21637123 is divided by 1352320?
3
What is the remainder when 1387648 is divided by 2915?
108
Calculate the remainder when 3921359 is divided by 386.
371
Calculate the remainder when 4888931 is divided by 56192.
227
Calculate the remainder when 10658342 is divided by 40526.
4
Calculate the remainder when 469621 is divided by 1909.
7
Calculate the remainder when 34566 is divided by 10749.
2319
Calculate the remainder when 13535706 is divided by 11.
8
What is the remainder when 23111239 is divided by 1053?
1048
What is the remainder when 273945 is divided by 535?
25
Calculate the remainder when 706276 is divided by 215.
1
What is the remainder when 32403173 is divided by 255143?
12
Calculate the remainder when 262383731 is divided by 3205.
3201
What is the remainder when 4996 is divided by 1244?
20
What is the remainder when 500533 is divided by 166841?
10
What is the remainder when 2324967 is divided by 2242?
13
What is the remainder when 14169236 is divided by 3?
2
What is the remainder when 174366 is divided by 1585?
16
Calculate the remainder when 29653 is divided by 1657.
1484
Calculate the remainder when 83697 is divided by 41845.
7
Calculate the remainder when 81966 is divided by 1633.
316
Calculate the remainder when 14590703 is divided by 209.
204
What is the remainder when 96234 is divided by 3421?
446
Calculate the remainder when 7091 is divided by 1053.
773
What is the remainder when 2212970 is divided by 761?
743
What is the remainder when 67266486 is divided by 1198?
1182
What is the remainder when 66024 is divided by 282?
36
Calculate the remainder when 1043564 is divided by 1042355.
1209
Calculate the remainder when 9136 is divided by 240.
16
What is the remainder when 2539309 is divided by 2519?
157
Calculate the remainder when 52914 is divided by 1660.
1454
What is the remainder when 10674775 is divided by 1219?
1211
What is the remainder when 5411843 is divided by 158?
27
What is the remainder when 34653978 is divided by 6069?
6057
Calculate the remainder when 184668618 is divided by 621.
606
What is the remainder when 7760805 is divided by 449?
289
What is the remainder when 3329807 is divided by 71?
49
What is the remainder when 67944 is divided by 8464?
232
What is the remainder when 2751884 is divided by 5187?
2774
What is the remainder when 118649 is divided by 2956?
409
What is the remainder when 183553 is divided by 798?
13
What is the remainder when 16942125 is divided by 847106?
5
What is the remainder when 49026041 is divided by 22?
9
Calculate the remainder when 383232 is divided by 191600.
32
Calculate the remainder when 22386690 is divided by 3.
0
Calculate the remainder when 1732041 is divided by 577319.
84
Calculate the remainder when 120778 is divided by 72.
34
What is the remainder when 21613908 is divided by 38?
2
Calculate the remainder when 377451 is divided by 377336.
115
What is the remainder when 669475 is divided by 283?
180
What is the remainder when 4821863 is divided by 1412?
1295
Calculate the remainder when 2419404 is divided by 27809.
21
What is the remainder when 42521390 is divided by 2318?
2316
Calculate the remainder when 6517259 is divided by 149.
148
Calculate the remainder when 230047 is divided by 76681.
4
Calculate the remainder when 71594729 is divided by 87.
80
What is the remainder when 172292 is divided by 86137?
18
What is the remainder when 16043179 is divided by 1393?
1391
What is the remainder when 350163 is divided by 3206?
709
Calculate the remainder when 372311 is divided by 15512.
23
Calculate the remainder when 58796 is divided by 29205.
386
Calculate the remainder when 892248 is divided by 222.
30
What is the remainder when 18577032 is divided by 17?
10
Calculate the remainder when 2059828 is divided by 810.
808
What is the remainder when 50180 is divided by 1288?
1236
What is the remainder when 455749 is divided by 11699?
11187
Calculate the remainder when 1587457 is divided by 99196.
321
Calculate the remainder when 733290995 is divided by 19.
17
What is the remainder when 7612817 is divided by 1027?
693
What is the remainder when 7981082 is divided by 89675?
7
Calculate the remainder when 696294 is divided by 1597.
2
Calculate the remainder when 42912480 is divided by 47.
23
What is the remainder when 2821568 is divided by 1541?
1538
What is the remainder when 1172302 is divided by 477?
313
Calculate the remainder when 68368673 is divided by 369.
353
Calculate the remainder when 179615773 is divided by 11.
7
What is the remainder when 1177609 is divided by 230?
9
What is the remainder when 21315 is divided by 21214?
101
Calculate the remainder when 186960 is divided by 6155.
2310
What is the remainder when 63821 is divided by 1004?
569
What is the remainder when 4526098 is divided by 47?
45
What is the remainder when 321351 is divided by 570?
441
What is the remainder when 2988347 is divided by 44?
43
What is the remainder when 1697285 is divided by 56?
37
What is the remainder when 176684 is divided by 2637?
5
Calculate the remainder when 62729204 is divided by 231.
230
Calculate the remainder when 155703 is divided by 327.
51
Calculate the remainder when 22274679 is divided by 162.
3
What is the remainder when 241821 is divided by 3204?
1521
What is the remainder when 1547153 is divided by 378?
377
What is the remainder when 119046 is divided by 59497?
52
Calculate the remainder when 257360 is divided by 10711.
296
Calculate the remainder when 151089 is divided by 49862.
1503
Calculate the remainder when 836977399 is divided by 259.
251
What is the remainder when 5602557 is divided by 240?
237
What is the remainder when 77856 is divided by 3039?
1881
Calculate the remainder when 345567 is divided by 1670.
15